number?
False
Suppose 938*a - 900*a - 1421314 = 0. Is a a prime number?
False
Suppose 0 = -309*c + 315*c. Suppose 125*m - 127*m + 356 = c. Is m a composite number?
True
Suppose -4*m - m = -2*n - 32, -5*m + 27 = 3*n. Let l(f) = f**3 - 5*f**2 - 7*f + 6. Let a be l(m). Suppose -7*t + 10*t - 5199 = a. Is t composite?
False
Suppose -5*x = 5*u + 115, -164 = 4*x - 3*u - 51. Let j(r) = -306*r - 129. Is j(x) prime?
False
Suppose 7*u - 2*u = -2*l + 153218, -122573 = -4*u - 3*l. Let m = u + -14481. Is m composite?
True
Suppose 0*p - 5 = p. Let z(q) = -122*q + 768. Let k be z(6). Is 54*k/1 - p a prime number?
True
Let y be (4 + -2)*2/(-2). Let n(o) = -1314*o**3 + 2*o**2 + 4*o - 1. Is n(y) a prime number?
False
Suppose -352155 = 65*m - 80*m. Is m a prime number?
False
Let b be (-260)/(-50) + 2/(-10). Suppose -10*v + 14*v - 4346 = -2*r, -b*v = r - 5434. Is v composite?
False
Suppose 17*u - 67*u = -8045150. Is u composite?
False
Suppose -4*w = 4 - 12. Suppose w*s - x = 6669, 0 = 2*s + 3*s + 5*x - 16665. Is s a composite number?
True
Suppose 0 = -2*w + 16 - 20. Let z be (w/(-10) - (-27)/15)/1. Suppose -2*a - 2223 = -5*y, 5*a - 448 = -y + z*a. Is y a composite number?
True
Let p be ((-6)/4)/((-12)/(-128)*-4). Suppose p*l - 4*b - 8 = 0, -5*l - 4*b + 6 = -13. Suppose q + 58 = x - 8, -q + 202 = l*x. Is x composite?
False
Let a be 7*1/7 - -2*1. Suppose 5*k - a - 2 = 0, l = 5*k + 974. Is l composite?
True
Suppose 14*p + 15220 = 40224. Suppose 18*y = -y + p. Is y a composite number?
True
Suppose 35*g - 1850766 = -59*g. Is g prime?
False
Let t(x) = 57*x**3 - 19*x**2 + 67*x - 8. Is t(13) composite?
True
Let g be (-3 - -3)/(-5 - -8). Suppose g = 24*z - 15*z - 1197. Is z a composite number?
True
Let o = 26 - 23. Is (o/(18/(-2)))/((-6)/3366) a composite number?
True
Suppose -5*n = 4*h - 59232, 12*n = h + 9*n - 14825. Is h prime?
True
Suppose 7*k = -0*k + 14. Is (3 + -5 + 3)*(333 - k) prime?
True
Let x be 3 + (-2)/(-2) + 1. Let n = 798 + -798. Suppose -p = -3*p - i + 93, n = x*p + 3*i - 232. Is p a prime number?
True
Suppose -5*r + 1020500 = -j, -816384 = -4*r + 29*j - 25*j. Is r prime?
True
Let v = -104909 - -164806. Is v a prime number?
False
Let x(i) = -2*i**3 - 43*i**2 + 219*i - 387. Is x(-79) a composite number?
False
Let x = -10900 - -28451. Is x prime?
True
Let s(u) = -4500*u - 1661. Is s(-11) a composite number?
True
Let z(u) = 17664*u - 7. Let q = -12 - -13. Is z(q) a composite number?
False
Let b(q) = q**3 - 9*q**2 - 19*q + 15. Let f be (-19 + 21)/((-2)/12*-2). Suppose 4*x = f*k - k + 53, x - 8 = -4*k. Is b(x) a composite number?
True
Let d = 217920 - 104503. Is d a composite number?
False
Suppose -7*i = -152639 - 177684. Is i a composite number?
False
Is -1*(-2)/(-6) - (-39139200)/486 prime?
False
Let t be (20/(-6))/((-4)/4782). Let k(b) = b**3 + 67*b**2 - 5*b - 327. Let a be k(-67). Suppose -a*s + t = -3*s. Is s a composite number?
False
Suppose 0 = -k + 6*x - 2*x + 4, -x = -1. Let o(n) = 7*n**2 - 6*n - 27. Is o(k) composite?
False
Suppose 0*j + 113610 = 15*j. Suppose j = 21*w - 23317. Is w a composite number?
False
Is (-210632886)/(-1134) - (3/(-14) + (-5)/(-10)) composite?
True
Suppose -26*w + 141694 = -1200712. Is w a prime number?
True
Suppose 6*f - 11*w + 9*w = 1094318, w + 911933 = 5*f. Is f a composite number?
False
Let u = -590 - -595. Suppose -1673 = u*n - 6808. Is n a composite number?
True
Let q = -82 - -98. Suppose 36 = q*a - 7*a. Suppose 3*s = 4*p + 3367, a*p - 5369 - 200 = -5*s. Is s a composite number?
False
Let c(r) = 11*r + 354. Let n be c(-32). Let f be 2/(-3) + 8/3. Suppose -n*x - 4*g + 398 = 0, 19 = 2*x - f*g - 355. Is x prime?
True
Let v(x) = 40*x**2 - 9*x + 11. Suppose -5*h + 4*i = -38, 5*i - 21 = -2*h + 14. Suppose -7*r + 2*r = h, 3*r = 4*q - 30. Is v(q) a composite number?
True
Let l(m) be the third derivative of 2*m**5/5 + 7*m**4/8 - 61*m**3/6 + 96*m**2. Is l(4) a prime number?
False
Suppose -3*a + 381505 = -3*z - 92897, -2*a + 316273 = 3*z. Is a composite?
True
Let l = -322 - -219. Let t be (-3)/(-6) + l/(-2). Is 20/1*3107/t a prime number?
False
Let o = 92311 + -13313. Is o a prime number?
False
Let z = -25405 - -48008. Is z a prime number?
False
Let u(q) = -1639*q + 145. Let l be u(12). Let x = -8838 - l. Is x composite?
True
Let j = 9 + -14. Let h be (28 + 22308/(-88))*(1 - 6/2). Is h/((1 + j)/(-4)) prime?
False
Let w = 48843 - -121826. Is w a composite number?
False
Let f(z) = -z**2 + z. Let v be f(4). Let p(r) = -23*r**2 + 20*r - 5. Let c(t) = -t**2 + t. Let j(y) = 4*c(y) - p(y). Is j(v) a prime number?
False
Suppose 4*z - 112 = -4*h, 3*z - 2*z = 3*h + 44. Suppose 40*u = z*u + 23848. Is u prime?
False
Let y(g) = -g**2 + 13*g - 8. Let s be y(9). Let d be 130 + s + -1*2*1. Is d - (0 - (-3 + (-6)/(-1))) composite?
True
Let a = -135 - -136. Let x be ((-3)/(-5))/(a/2605). Suppose -7*d + 4*d + x = 0. Is d prime?
True
Let i = 4286 - 2417. Let g = -1091 + i. Is g composite?
True
Let h(y) = 6*y - 33. Let c be h(4). Suppose -3*k = -6*k - 600. Let q = c - k. Is q a prime number?
True
Suppose 54199 = 54*r - 935027. Is r prime?
False
Let q be 0/(-1)*-4*(-2)/16. Suppose x + 2*u - 446 = 0, q = x - u + 2*u - 446. Is x composite?
True
Let v = -303568 - -553875. Is v a composite number?
False
Suppose -w = 3*t - 2363, -t - 1379 = 2*w - 6110. Let j be 226/8*-2*-2. Suppose -3*x - j = -w. Is x a composite number?
False
Let g(j) = 58*j**2 + 2*j - 33. Let b be g(7). Let p = b - -1060. Is p a prime number?
False
Let f(l) = 3*l**2 - 2*l - 1. Let m(d) = -11*d**2 + 7*d - 21. Let x(z) = -3*f(z) - m(z). Let b be -2 + 9/(-1 - 2). Is x(b) composite?
False
Let j(u) = -u**2 + 19*u - 28. Let a be j(15). Let n be (-48)/a*(16/(-6) + 0). Is n/((-16)/(-3458)) - (-5)/10 composite?
True
Let p = -28 - -28. Suppose -21658 = -4*t - 2*a + 16554, 4*t + a - 38210 = p. Suppose 0*m - 4*r - 11945 = -5*m, 0 = 4*m - 4*r - t. Is m a composite number?
False
Let z be (-5)/4 + 1/4. Let t be (-3 - z)*(6/4 - -1). Is (-6)/(-11 - t) - -3102 a composite number?
True
Suppose 5*a = -4*w + 28, -3*w = -6*w - 5*a + 26. Suppose 3*f - f - 8 = 0, w*z - 730 = 3*f. Is z composite?
True
Let k = 271 + -281. Is (15695 - 10)*(-14)/k a prime number?
False
Let z(p) = 33*p - 295. Let d be z(9). Suppose -2*h - 1051 = -c, -1348 = -2*c + d*h + 746. Is c prime?
False
Suppose -9*t - 39984510 = -289*t - 230*t. Is t a composite number?
False
Let c = -5157 - -2572. Let k be (-8)/32 + c/(-4) + -2. Suppose -9*y + 5*y + k = 0. Is y prime?
False
Let y = 21085 - -7194. Let v = y - 19778. Is v composite?
False
Let f be (42/18)/1*-9. Let n be (f/(-4))/((-15)/(-400)). Suppose n = -u + 751. Is u a composite number?
True
Let z = -52 - -52. Let k be (z/(-4 - -1))/(-6 + 8). Is (k + -51)*8/(-6) + 1 prime?
False
Let r(b) = 7*b**2 + 2*b + 2. Let l be r(-1). Let i be 5/((-140)/32)*l/(-2). Is ((-154)/(-21))/(i/42) a prime number?
False
Let l = 521405 - 303802. Is l a prime number?
False
Let c be (-228)/(-16) + 2/(-8). Let h = 1429 + -1426. Is (h - -3 - c)*10/(-8) a prime number?
False
Let c(b) be the second derivative of 5*b**4/12 + 29*b**3/2 - 15*b**2/2 + 257*b. Is c(-32) a prime number?
False
Suppose -7*c = -6*c + 3*h, 5*c = -4*h. Suppose c = -8*p + 117185 - 44745. Is p prime?
False
Let f = 61 - 57. Suppose -f*c + 6 = 2*q, -q = c + q + 3. Is ((-26334)/(-10))/c + 26/130 a composite number?
True
Is ((-511712)/96)/(16/(-912)) prime?
False
Let x(j) = -268*j - 318*j + 154*j + 7. Is x(-10) composite?
False
Let h(t) = 31276*t**2 + 3*t + 14. Let f(m) = m**2 + m - 4. Let z(v) = 4*f(v) + h(v). Is z(1) prime?
False
Let d be (-2*(-2)/1)/(8/(-772)). Let v = 590 + d. Let f = 722 + v. Is f a composite number?
True
Let v(x) be the second derivative of x**5/10 + 5*x**4/12 - 4*x**3 - 11*x**2/2 - 25*x + 1. Is v(8) a prime number?
False
Let u = 68450 - -99651. Is u prime?
False
Suppose -44*i + 34*i = -30. Suppose -i*t = 15*t - 173682. Is t composite?
False
Let f(o) = 67*o**3 + 16*o**2 + 11*o - 18. Let t be f(5). Suppose v - 1211 - 1738 = 2*u, -3*v + t = u. Is v a prime number?
True
Let q(t) = -3*t**2 + 16*t + 6. Let y be q(7). Let d = 32 + y. Suppose d*b + 317 = 1463. Is b prime?
False
Is 1 + 11361 + (11 + (-232)/16)*-2 prime?
True
Suppose -2*n = 2372 + 2664. Is n/(-6)*(-5)/((-10)/6) a prime number?
True
Let u(q) = 5956*q - 280. Let s(f) = -29